{"id":305,"date":"2017-04-05T19:41:47","date_gmt":"2017-04-05T19:41:47","guid":{"rendered":"http:\/\/www.rotermundfilm.de\/?page_id=305"},"modified":"2024-03-28T12:34:57","modified_gmt":"2024-03-28T12:34:57","slug":"freiburg-wiwili-eine-bruecke-der-freundschaft","status":"publish","type":"page","link":"https:\/\/www.rotermundfilm.de\/?page_id=305","title":{"rendered":"Freiburg &#8211; Wiwili, eine Br\u00fccke der Freundschaft"},"content":{"rendered":"<p><strong>&#8222;Freiburg &#8211; Wiwili&#8220;\u00a0(Video 45 Minuten)<\/strong><br \/>\n&#8211; eine Br\u00fccke der Freundschaft &#8211;<\/p>\n<p><iframe loading=\"lazy\" src=\"https:\/\/www.youtube-nocookie.com\/embed\/lYr0G5qy_-o?rel=0\" width=\"853\" height=\"450\" frameborder=\"0\" allowfullscreen=\"allowfullscreen\"><\/iframe><\/p>\n<p><b>Filmbeschreibung:<br \/>\n<\/b>Seit 1988 verbindet die St\u00e4dte Freiburg und Wiwili (Nicaragua) ein Freundschaftsvertrag.<br \/>\nDoch das Engagement f\u00fcr Wiwili begann in Freiburg schon, nachdem 1979 die Sandinisten den nicaraguanischen Diktator Somoza gest\u00fcrzt hatten. Die sozialen Reformen wurden von freiwilligen Helfern aus aller Welt unterst\u00fctzt. Unter ihnen befand sich auch der Freiburger Arzt Tonio Plaum, der am 30.April 1983 von den antisandinistischen Terrorgruppen der Contra ermordet wurde &#8211; wie drei Jahre sp\u00e4ter auch der Freiburger Bernd Koberstein, der den Bau einer Wasserleitung in Wiwili anleitete.<\/p>\n<p>Die Projekte des &#8222;Wiwili Vereins&#8220;, vorangetrieben und betreut von ADEM, dem Partnerschaftsverein der Freiburger in Wiwili, sind dank der Unterst\u00fctzung aus Freiburg und der EU vielf\u00e4ltig: von der sieben Kilometer langen Wasserleitung durch unwegsames Gel\u00e4nde bis zur Casa materna (einer Art Geburtshaus), von der Wiederaufforstung der wegen Brennholzbedarfs kahl geschlagenen W\u00e4lder bis zum Radio &#8222;Kilamb\u00e9&#8220;, von der Cocina Lorena (einem Brennholz sparenden Lehmherd) bis zum Kr\u00e4utergarten f\u00fcr Naturmedizin, von der Entwicklung \u00f6kologischer Landwirtschaft bis zum Haus aus selbst gefertigten Lehmsteinen.<\/p>\n<p>\u201eUnser Ziel ist es&#8220;, so der ADEM-Vorsitzende Arquimedes Vasquez, \u201edass die Menschen hier lernen, ihr Leben selbst in die Hand zu nehmen.&#8220;<br \/>\nDer Film portr\u00e4tiert dieses nachhaltige Solidarit\u00e4tsprojekt und die daran beteiligten Menschen und zeichnet seine Geschichte nach.<\/p>\n<p>Weitere Informationen: <a href=\"http:\/\/www.Wiwili.de\">www.Wiwili.de<\/a><\/p>\n<p>Eine DVD oder ein Download des Films kann \u00fcber das Kontaktformular<br \/>\noder \u00fcber\u00a0<b>info(at)rotermundfilm.de<\/b>\u00a0bestellt werden.<\/p>\n<p><b>Die Kosten betragen:<\/b><br \/>\n&#8222;Nur f\u00fcr den privaten Gebrauch&#8220;:<br \/>\n25 Euro &amp; 3 Euro Versand (inklusive MWSt)<\/p>\n<p>&#8222;Mit dem Recht auf \u00f6ffentliche Vorf\u00fchrung&#8220;<br \/>\n50 Euro &amp; 3 Euro Versand (inklusive MWSt)<\/p>\n","protected":false},"excerpt":{"rendered":"<p>&#8222;Freiburg &#8211; Wiwili&#8220;\u00a0(Video 45 Minuten) &#8211; eine Br\u00fccke der Freundschaft &#8211; Filmbeschreibung: Seit 1988 verbindet die St\u00e4dte Freiburg und Wiwili (Nicaragua) ein Freundschaftsvertrag. Doch das Engagement f\u00fcr Wiwili begann in Freiburg schon, nachdem 1979 die Sandinisten den nicaraguanischen Diktator Somoza gest\u00fcrzt hatten. Die sozialen Reformen wurden von freiwilligen Helfern aus aller Welt unterst\u00fctzt. Unter ihnen&#8230;<\/p>\n","protected":false},"author":1,"featured_media":0,"parent":0,"menu_order":0,"comment_status":"closed","ping_status":"closed","template":"","meta":[],"_links":{"self":[{"href":"https:\/\/www.rotermundfilm.de\/index.php?rest_route=\/wp\/v2\/pages\/305"}],"collection":[{"href":"https:\/\/www.rotermundfilm.de\/index.php?rest_route=\/wp\/v2\/pages"}],"about":[{"href":"https:\/\/www.rotermundfilm.de\/index.php?rest_route=\/wp\/v2\/types\/page"}],"author":[{"embeddable":true,"href":"https:\/\/www.rotermundfilm.de\/index.php?rest_route=\/wp\/v2\/users\/1"}],"replies":[{"embeddable":true,"href":"https:\/\/www.rotermundfilm.de\/index.php?rest_route=%2Fwp%2Fv2%2Fcomments&post=305"}],"version-history":[{"count":15,"href":"https:\/\/www.rotermundfilm.de\/index.php?rest_route=\/wp\/v2\/pages\/305\/revisions"}],"predecessor-version":[{"id":1130,"href":"https:\/\/www.rotermundfilm.de\/index.php?rest_route=\/wp\/v2\/pages\/305\/revisions\/1130"}],"wp:attachment":[{"href":"https:\/\/www.rotermundfilm.de\/index.php?rest_route=%2Fwp%2Fv2%2Fmedia&parent=305"}],"curies":[{"name":"wp","href":"https:\/\/api.w.org\/{rel}","templated":true}]}}